ate the highest common factor of m and 4.
2
Suppose -3*l = r - 31, -13 = -0*l + l + 5*r. Suppose 2*h - 5*w = 21, h - 5*w = -2*w + l. What is the greatest common divisor of h and 33?
3
Let q(a) = -a**3 - 6*a**2 + 2*a + 1. Let x be q(-9). Suppose 46 = -3*d + x. Let k = -26 - -41. Calculate the highest common factor of k and d.
15
Let l(a) = -a**3 + 4*a**2 + 9*a - 1. Let g be l(-3). What is the highest common divisor of 35 and g?
35
Let k = 20 + -17. Suppose 0 = 2*s - 23 - 25. What is the greatest common factor of k and s?
3
Let v be (-3 - 2)*4/(-10). Let a be -1*v*(-20 + 1). Suppose 5*h + f - a = 25, -3*h + 49 = -5*f. Calculate the highest common divisor of h and 143.
13
Let m(z) = z**3 + z**2 + 10. Let o be m(0). Suppose -n + f + 4 = -4*n, -f = -3*n - 8. Let w = 12 + n. What is the highest common divisor of o and w?
10
Suppose 4*j - 175 = -47. Calculate the highest common divisor of j and 80.
16
Let d(x) = x**3 - 4*x**2 + 4*x - 6. Let p be d(4). What is the highest common factor of 15 and p?
5
Suppose 15 = -4*b - 4*d - 57, -2*d + 59 = -3*b. Let z = -9 - b. Let p = 2 + 8. Calculate the greatest common divisor of p and z.
10
Suppose -48 = -4*p + 7*p. Let y = p - -35. Calculate the highest common divisor of 152 and y.
19
Let p = 15 + 1. Let o = 2 - -1. Suppose 2*v + o*v - 160 = 0. Calculate the highest common factor of v and p.
16
Let q be (-7 + 3)/2 - -5. Suppose -q*z + 42 = -5*d, 0 = -7*z + 3*z - d + 33. Let y be (7/(-2))/((-3)/54). What is the highest common divisor of y and z?
9
Let q(m) = -m**3 + 6*m**2 - 5*m - 3. Let x be q(4). Suppose -12 - 6 = -2*g. What is the greatest common divisor of x and g?
9
Let z be (-330)/(-8) - (1 - 6/8). Calculate the highest common divisor of 82 and z.
41
Suppose -4*w - 8 = f, -5*w + 3*f + 0*f - 27 = 0. Let l be w - 1/((-1)/15). Calculate the highest common divisor of l and 6.
6
Suppose -4*l + 0*l - 3*q - 11 = 0, -3*l + 13 = -2*q. Calculate the greatest common divisor of l and 7.
1
Suppose 8*b = -44 + 108. Calculate the greatest common divisor of b and 2.
2
Let o = 6 + -4. Suppose -o*g = -g - 3. What is the highest common divisor of 3 and g?
3
Let h = -16 - -22. Suppose 3*d - h*d + 54 = 0. What is the greatest common factor of 9 and d?
9
Suppose -3*d + 8 = -d. Suppose -5*y - d*n = -346, y + n = -2*y + 209. Calculate the greatest common divisor of y and 7.
7
Suppose -3*n + 2*n = -130. Suppose i - 2 - n = 0. What is the highest common divisor of 12 and i?
12
Suppose 2*k - 5*t = 1, -k - k + 16 = -2*t. Let r = -52 - -117. Calculate the highest common factor of r and k.
13
Suppose -3*w + 2*a + 21 = 0, 6*w + 5*a - 51 = 2*w. Suppose w*z = 4*z - 5*f + 20, 0 = -f + 1. Let y = 37 + z. Calculate the highest common factor of y and 8.
8
Let l be 16/10*(-30)/(-12). Suppose -l*b + 7*b = 45. What is the highest common factor of b and 75?
15
Let y(a) = -6*a**2 - 2*a + 6. Let r be y(-3). Suppose 299 = 3*j + 4*t, j - 53 = t + 56. Let x = r + j. What is the greatest common factor of x and 9?
9
Let x = 10 - 4. Let i(z) = 6*z. Let p be i(x). Let o be -4 + (3 - -1) + 12. What is the highest common factor of o and p?
12
Suppose 4*x - 44 - 28 = 0. What is the highest common factor of 9 and x?
9
Suppose 30*k - 31*k + 10 = 0. What is the highest common factor of 40 and k?
10
Let s = -92 + 129. Calculate the highest common divisor of 333 and s.
37
Let s be -2 - 2*278/4. Let h be (3 - s)*(-6)/(-8). Calculate the greatest common factor of 12 and h.
12
Let s(k) = -4 + 49*k**3 - 48*k**3 - 9*k**2 + 12*k - 3. Let d be s(8). Calculate the highest common divisor of d and 10.
5
Let m be (-1)/(-2)*(44 + -6). Calculate the highest common factor of 57 and m.
19
Let b = 5 - 2. Suppose x + 24 = b*x. Calculate the highest common divisor of x and 132.
12
Suppose -2*k = 2*o - 3*o + 27, -171 = -5*o - 2*k. Let a(h) = h**3 + h**2 - 20*h + 3. Let n be a(-5). Calculate the highest common divisor of n and o.
3
Suppose 0 = -5*i + 58 - 13. Calculate the highest common factor of i and 9.
9
Let q(g) = 81*g - 1. Let b be q(2). Let t = b - 101. What is the highest common divisor of t and 24?
12
Let k = 51 - 39. What is the greatest common divisor of k and 24?
12
Suppose 0 = 2*p - 3*p + 4. Suppose 0 = -2*x + p. Suppose x*g - 160 = -0*g. Calculate the greatest common factor of g and 20.
20
Let p = -35 + 59. Calculate the greatest common divisor of 3 and p.
3
Suppose 5*x + m - 9 = 0, 0 = -4*x + 3*m - 0 - 8. Suppose -7*p + 12*p - 105 = 0. Let f = 32 - p. What is the highest common divisor of x and f?
1
Suppose 4*p - 2*l = 114, -2*p - l = -p - 27. Suppose -2*c = -4*u + c + 17, 4*c = -u + p. What is the greatest common factor of u and 64?
8
Let b be (0 - 0) + (16 - 9). Let v be 3/(-2) - 1570/(-20). What is the highest common factor of b and v?
7
Let r(x) = 5*x**2 + 3*x + 2. Let n be r(3). Suppose 0 = -4*g + l + 35, g + 11 - 34 = 5*l. Calculate the greatest common divisor of n and g.
8
Let b = -19 + 38. Calculate the highest common factor of 19 and b.
19
Let t = 24 - 11. Suppose x - c - 32 = 16, 0 = -3*x - 4*c + 130. Let j = x - -6. What is the highest common divisor of t and j?
13
Suppose 2*n = 4*n - 350. Suppose b = -4*b - n. Let z be ((-18)/(-5))/((-7)/b). Calculate the highest common divisor of 45 and z.
9
Let w = -221 - -375. What is the highest common factor of 22 and w?
22
Let d(c) = -c**3 - 8*c**2 - 12*c - 1. Let p be d(-7). What is the greatest common factor of p and 272?
34
Let n = 10 - 4. Suppose -n = -b - b. Suppose 0 = b*s - 47 - 4. What is the highest common factor of 34 and s?
17
Let f(i) = -2*i + 34. Let r be f(10). Let s = 30 + -2. Calculate the greatest common divisor of r and s.
14
Suppose 6*d - 40 = 44. What is the highest common divisor of 112 and d?
14
Let y be 1654/4 - (-9)/18. Calculate the greatest common factor of y and 46.
46
Let n be 32/10 + (-2)/10. Suppose -2 + 14 = n*j. What is the greatest common factor of j and 12?
4
Let q = -7 - -17. What is the highest common divisor of q and 5?
5
Let a(n) = -n**2 + 10*n + 2. Let q be a(8). Calculate the greatest common factor of 54 and q.
18
Suppose 12 = 4*v - 0. Let b = v - -16. What is the greatest common divisor of b and 38?
19
Let r(o) = -33*o - 4. Suppose -3*s + 15 = -8*s - 5*j, -5*j + 15 = -5*s. Let b be r(s). Let d be (0/2)/2 + b. What is the highest common factor of d and 38?
19
Suppose 0 = -3*s + 4*s - 4. Let p be (-39)/(3 - s) + 0. What is the highest common divisor of 26 and p?
13
Let b be 2/(-10) - (-11)/5. What is the greatest common divisor of 3 and b?
1
Suppose -8*u + 5*u = -66. Suppose b + b - 22 = 0. Calculate the greatest common divisor of u and b.
11
Let u(g) = g**3 - 6*g**2 + 11*g - 5. Let p be u(8). Let y = p + -147. Calculate the greatest common divisor of 8 and y.
8
Let p(q) = -5 - 2 - q - 2*q. Let n be p(-5). Suppose 5*o - 76 = 44. Calculate the greatest common factor of o and n.
8
Suppose -14 - 22 = -18*h. Calculate the greatest common factor of h and 9.
1
Let p be 11 + (1 - (2 + -1)). What is the greatest common divisor of p and 33?
11
Let r be (7 - (1 + 1))*2. Suppose 0 = 5*u + b - 30, u + 4*b = 3*u + r. Let t be 78*4/30*u. What is the highest common factor of 13 and t?
13
Let j = -6 + 51. Let u be 14/(4 - 2) + -1. Let f(m) = -m**3 + 5*m**2 + 9*m - 9. Let t be f(u). What is the greatest common divisor of t and j?
9
Suppose 0 = 7*n - 6*n - 127. Let x = -29 + 217. Suppose -3*y + 25 = -f + n, -2*y - x = -2*f. What is the highest common divisor of 18 and f?
18
Suppose 36 = 4*i - 16. What is the greatest common factor of i and 13?
13
Let t be (17 + -5)*(2 - 1). Let j be 237/t - (-3)/12. What is the greatest common factor of j and 100?
20
Let l = 2 + 0. Suppose n = 4*n - 9. Calculate the greatest common divisor of n and l.
1
Let m = 3 - -2. Suppose 4*b + 5*r = 1, 3*b + 11 = 2*b - m*r. Let v be b/6 - 16/(-3). What is the greatest common divisor of 30 and v?
6
Let v(q) = -11*q - 3. Let y be v(-3). Calculate the greatest common factor of y and 270.
30
Let n(u) = u**2 - 27*u + 20. Let q be n(27). What is the highest common factor of q and 4?
4
Let q(m) be the second derivative of m**5/20 - m**4/12 + m**3/6 + 45*m**2/2 + m. Let o be q(0). Calculate the greatest common factor of 9 and o.
9
Let x(u) = 4*u**3 - 3*u**2 + u + 1. Let y be x(1). What is the highest common divisor of y and 24